+ 150, -123 = -4*v - 3*t. What is the tens digit of v?
2
What is the tens digit of 55 + 1 - (-5 + 4 + 0)?
5
Suppose 3 = -o - c, -15 = -7*c + 2*c. Let u = -15 + 18. What is the units digit of ((-160)/o)/5*u?
6
Let s(m) = -2*m**2 - 2*m + 8. Let d be s(-4). Let k = d + 27. What is the units digit of k?
1
Suppose -2*u - 4*b + 40 = 0, u + 2*b - 17 = -b. What is the tens digit of u?
2
Suppose 4*v = f + 3*f - 204, 3*v - 4*f + 150 = 0. What is the units digit of v/(-4) + (-3)/2?
2
What is the units digit of (12 - 2)*(-33)/(-5)?
6
Let g(y) = -3*y. Let k be g(-2). Suppose 5*v - 26 + k = 0. What is the units digit of v?
4
Let d = -4 + -6. Let x be 2/(-3 - -2 - 1). Let y = x - d. What is the units digit of y?
9
Let j be (18/(-15))/((-1)/30). Suppose 3*z - 2*x - j = 110, -4*x = -z + 52. What is the tens digit of z?
4
Suppose 0 = -4*o - z + 497, 50 = -4*o + 2*z + 544. What is the units digit of o?
4
Let f be 2/(-4)*(6 - 10). Suppose -3*p + 5*k + 29 = -122, -f*p - 3*k + 69 = 0. What is the units digit of p?
2
Let p = -29 - -43. What is the units digit of p?
4
What is the tens digit of 15 + -15 - 52/(-1)?
5
Suppose -293 = -4*v - a, 0*v = -3*v + 5*a + 214. What is the tens digit of v?
7
Let w(f) = f**3 + 3*f**2 - 5*f - 6. Let j be w(-5). Let k = -20 - j. What is the units digit of k?
1
Let t(c) = 3*c**2 - 2*c - 1. Let n be t(-1). Let o(m) = -m**3 + 4*m**2 + m - 3. Let d be o(n). Let k = 10 + d. What is the units digit of k?
1
Let c = 7 + -3. Suppose 0 = -m + d + 7, -c*m - 5*d + 60 + 4 = 0. Let p(n) = n. What is the units digit of p(m)?
1
Let s = -36 + 98. What is the tens digit of s?
6
Suppose -2*q + 11 = -3*q. Let t = q - -4. Let y(n) = n**2 + 7*n + 6. What is the units digit of y(t)?
6
Let u = 97 - 60. What is the tens digit of (u + -1)*15/20?
2
Let q = -13 - -26. Suppose -a = -13 - q. What is the tens digit of a?
2
What is the tens digit of (-2 + 8)*5/2?
1
What is the tens digit of (-2565)/(-35) + 2/(-7)?
7
Let t(o) = -o**3 - 4*o**2 + 2*o - 5. Suppose -j + 8 = -z, j - 3*z - 1 - 15 = 0. Suppose -3*g - 14 = i, 5*i + 37 = -0*i - j*g. What is the units digit of t(i)?
0
Let p(z) = z**2 + 4*z + 3. Let c be p(-3). Suppose 8*n - 3*n = 2*j + 15, 4*j + 3*n - 35 = c. What is the units digit of j?
5
Let t(y) = -y**3 - 5*y**2 + y - 8. Let f(q) = q + 9. Let k be f(-15). What is the units digit of t(k)?
2
Let a = 2 + 0. Let o(c) = 6*c**a + c**2 - 4*c**2 + 9*c**2. What is the tens digit of o(1)?
1
Let z(q) = -q + 5. Let y be z(8). Let m be (18/3)/y - -1. What is the units digit of 1 - (m - 3*2)?
8
Let h be (-2)/(-10) + 1476/45. Suppose -9 = u - h. What is the tens digit of u?
2
Let m = 206 + -115. What is the tens digit of m?
9
Let t(i) = 4*i**2 + 7*i + 16. What is the units digit of t(-5)?
1
Suppose 2 + 19 = j + f, -2*j + 51 = 5*f. What is the tens digit of j?
1
What is the units digit of 219 + 5*(2/10 - 1)?
5
Let i be 2*(-3)/4*-6. Suppose i = -g - 2*g. What is the units digit of 2*(g/(-2))/3?
1
What is the tens digit of (-315)/6*(-10)/15?
3
Suppose 0*n - n + 67 = 3*d, 4*n = -d + 279. Suppose 2*z - n = -0*z. What is the units digit of z?
5
Let m(j) = -3*j - 4. Suppose -2*f - 27 = 2*f - r, 2*f + 4*r + 36 = 0. What is the tens digit of m(f)?
2
Let a(p) be the third derivative of p**6/40 - p**5/20 + p**4/12 + p**3/3 - 4*p**2. What is the units digit of a(2)?
8
Suppose 4*y = -0*y + 232. What is the units digit of y?
8
Let r = -9 - -6. Let a(p) = p**3 + 5*p**2 + p - 2. What is the tens digit of a(r)?
1
Let c(u) = u**3 + 2*u**2 - 5*u - 4. Let r be c(-3). Let h be (6/(-5))/(r/(-5)). Suppose -h - 7 = -5*s. What is the units digit of s?
2
Let h = 51 - -206. What is the tens digit of h?
5
Let p(z) = -z**3 - 7*z**2 - 8*z - 4. Let o be p(-6). Let a = o + 3. What is the tens digit of a?
1
Let j = 30 - 14. Suppose u - 5 = j. Suppose 0 = n + n - 3*s - 3, u = 4*n - 3*s. What is the units digit of n?
9
Suppose 232 = 2*r + 3*s, -2*r + 81 + 147 = 2*s. What is the hundreds digit of r?
1
Let u(t) = -t**2 + 9*t - 8. Let x be u(7). Let g be ((-3)/(-2))/(x/32). Suppose i = -2 + g. What is the units digit of i?
6
Let b(c) = 7*c - 3. Let u(q) = -6*q + 3. Let l(y) = -3*b(y) - 4*u(y). What is the units digit of l(4)?
9
Suppose -4*u - u + 120 = 5*p, 5*p - 5*u = 110. What is the tens digit of p?
2
What is the tens digit of 196/10*((-161)/(-14) + 6)?
4
Let k(j) = -j**3 + 5*j**2 - 3*j + 4. Let n be k(5). Let g(s) = -s**3 - 10*s**2 + 9*s - 7. What is the tens digit of g(n)?
1
Suppose 3*f = -f + y + 219, f + 4*y - 42 = 0. Suppose f = -4*k + 5*d, 0 = 5*k - d - 2*d + 61. Let t = k + 17. What is the units digit of t?
6
Suppose 4*k = -4*a + 48, k - a - 2*a = 0. Let d = 0 + k. What is the units digit of d?
9
Let a(s) = s**3 + 3*s**2 - 3*s + 1. Let t be a(2). Let d = 22 - t. What is the units digit of d?
7
Suppose -4 = 3*v - 5*v. Suppose v*c + y - 7 = 0, 10 = -y - y. What is the units digit of c?
6
Suppose 40 = 4*z - 5*i, -47 = -3*z - i + 2. What is the units digit of z?
5
Let n(p) = -p + 9. Let c be n(7). Suppose 22 + c = 4*q. Suppose -q = -4*r - 2*w, -2*w - 3*w - 13 = -4*r. What is the units digit of r?
2
Suppose -g + 12 = -4*g, -g = a - 64. What is the units digit of a?
8
Suppose 0 = 4*z - z - 96. What is the units digit of z?
2
Suppose -p + 7 = -2*p. Let w(k) = k - 2 + 3*k - 5*k. What is the units digit of w(p)?
5
Let y = -193 - -273. What is the tens digit of y?
8
Let r(a) = a + 8. Let s = 9 + -1. What is the tens digit of r(s)?
1
Suppose 11 = 4*s + 3. Let g = s - -3. Suppose 23 = 4*r + g*j, 7*r = 2*r - 2*j + 33. What is the units digit of r?
7
Let u(q) = q**2 + 13*q + 15. Let g be u(-12). Suppose 5*h = g*p + 60, -3*p = -0*p + 15. What is the units digit of h?
9
Let x(m) = -m. Let g be x(-12). Suppose -4*p + t + t + g = 0, -3*p + 22 = 5*t. What is the units digit of p?
4
Let f(h) = 2*h**3 + 2*h**2 - h + 1. What is the units digit of f(3)?
0
Suppose 5*h = -3*z + 21, 2*z - 2 = -2*h + 4. Suppose q = -2*q + h. What is the units digit of q?
2
Suppose 0 = -6*k - 4 + 382. What is the tens digit of k?
6
Let k = 8 + -7. Suppose 19 = n - k. What is the tens digit of n?
2
Let r(l) be the third derivative of -l**4/8 - 7*l**3/6 + l**2. Let i = 40 + -46. What is the units digit of r(i)?
1
Suppose r = -r - 3*l - 4, -1 = -5*r - 2*l. What is the units digit of r?
1
Let o(b) = 9*b**2 - b + 4. Let l be o(2). Suppose -l = -2*y + 4. What is the units digit of y?
1
Let o(u) = u**2 - 2*u + 1. Let d be o(5). What is the units digit of (-4)/d - (-17)/4?
4
Let a(q) = q**3 + 8*q**2 - 13*q + 7. What is the tens digit of a(-9)?
4
Let p(o) = -2*o + 1. Let u be p(9). Let b = -12 - u. What is the units digit of b?
5
Let z(l) = 6*l**2 + 18*l + 70. What is the hundreds digit of z(-7)?
2
Let z(k) be the first derivative of -4*k**2 - 3*k + 9. What is the tens digit of z(-4)?
2
Suppose -4*b - 9 = -5*k, 0 = 2*b - 5*k - 0*k + 17. Suppose b*f - 5*t - 8 = 0, -7*f + 2*f + 10 = -t. What is the units digit of f?
2
Suppose 13 = -5*a - 32. Let n = 15 - a. What is the units digit of n?
4
Suppose -2 = 4*v + 2. What is the units digit of (v - 0)/(2/(-4))?
2
Let c(s) = -s**3 - 11*s**2 - 2*s - 15. Let r be c(-11). Suppose 0 = -4*b + 55 - r. What is the tens digit of (-3)/(34/b + -3)?
1
Let m(i) = -3*i + 4. What is the units digit of m(-6)?
2
Let p(k) = -k**3 + 8*k**2 + 9*k + 2. Let q be p(9). Suppose 2*b + 29 = 5*c + 6*b, -q*c + 14 = 4*b. Let u = 8 - c. What is the units digit of u?
3
Let x = -14 - -53. What is the tens digit of x?
3
Let g(o) = o**3 + 2*o**2 - 2*o + 1. Let m be g(1). Suppose m*s = 4*t - 12, 2*s = -0*s - 8. What is the units digit of t?
1
Let p = 181 + -35. What is the hundreds digit of p?
1
Let h(l) = 2*l - 13. Let p be h(11). What is the units digit of (-2)/(-8) - p/(-12)?
1
Let b = 284 + -140. What is the units digit of b?
4
Suppose h + 5*g - 19 = -7, 8 = 2*g. What is the units digit of (-66)/(-8) + (-6)/h?
9
Suppose 3*c - 8 = 4*t + 26, 2*c + 2*t = 46. Suppose m - c = -0*m. What is the tens digit of m?
1
Suppose 0 = -q + 3*n + 3 + 6, n - 1 = -q. Suppose 2*p - 52 = 2*b, -q*b = -p - p + 55. What is the units digit of p?
3
Let y = 0 + 1. Let j be y*2/(-4)*-10. Suppose -b = j*g - 8, -2*g - 4 = 5*b - 21. What is the units digit of g?
1
Let l(p) be the first derivative of -7*p**4/4 + 2*p**3/3 + p**2/2 - 3. Let y be l(-1). Suppose g - y = 